on factor of 38 and f?
19
Let m be ((-40)/6 - -2)/((-1)/6). Calculate the greatest common factor of 49 and m.
7
Suppose 5*g - g = -5*d + 6, 4*g = -3*d + 2. Suppose -10 - d = -6*i. Suppose 13 = y - 4*p, -3*y - 7 = 4*p + i. What is the highest common factor of y and 1?
1
Suppose 0 = -36*r + 41*r - 20. Suppose 7*q = -r*c + 4*q + 252, -4*q = 3*c - 196. Calculate the greatest common factor of c and 12.
12
Let h be (128/80)/(2/5). What is the greatest common divisor of h and 1?
1
Suppose 0 = -9*t + 4*t. Suppose j + t*p = 5*p + 50, j + 4*p = 68. Suppose -s = -3*b - 6*s + 77, -98 = -4*b - 2*s. What is the highest common factor of b and j?
12
Suppose 22*a - 32*a = -940. Calculate the highest common factor of a and 611.
47
Let p = 146 + -18. What is the highest common factor of p and 8?
8
Suppose -4*t + 4*a + 10364 = 0, -5*t - 3*a = -0*a - 12995. Calculate the greatest common factor of 11 and t.
11
Let i be (-1090)/(-45) + 12/(-20)*30/81. Suppose 4*j = 8, -4*u + 102 = 3*j - 0*j. Calculate the greatest common factor of u and i.
24
Let p = -84 - -121. Suppose 5*v = 63 + p. Calculate the greatest common factor of v and 100.
20
Suppose -6*j + 240 = -3*j. Suppose -72*a = 18*a + 556 - 1996. What is the greatest common factor of j and a?
16
Let x be (16/(-12))/2 + (-28)/(-6). Suppose -x = -z + u, -z + 0*z = 4*u - 24. Let m = 8 - 0. Calculate the highest common factor of m and z.
8
Let q = 95 - 76. Suppose 0 = -k + 2*k - q. Calculate the greatest common divisor of k and 114.
19
Let r be 15/(-2)*12/(-9). Let s(g) = -g**3 + 3*g**2 + 2*g + 4. Let i be s(3). Calculate the greatest common factor of r and i.
10
Suppose -5*x + 1032 = 3*m + 223, -2*m + 4*x = -554. Calculate the highest common factor of 7 and m.
7
Suppose 2*q - 8 = -4*c + 208, q = -5*c + 120. Calculate the greatest common factor of q and 80.
20
Let m(p) = p**2 - 15*p - 14. Let o be m(16). Suppose x = -3*y + 77, 0*x + o*y = 5*x - 385. What is the greatest common factor of x and 7?
7
Let k = -5 - -7. Suppose 19 = 3*g - k. Let v(h) = h**2 - 4*h - 5. Let f be v(6). What is the highest common divisor of g and f?
7
Suppose -m + 7*m - 1548 = 0. What is the highest common divisor of 18 and m?
6
Let r = -116 + 218. Let k(u) = 5*u + 203. Let y be k(-27). Calculate the greatest common divisor of r and y.
34
Let g = 49 - 31. Let k = g - 13. Calculate the greatest common divisor of 15 and k.
5
Let s(j) = -j**3 - 22*j**2 + 48*j + 12. Let u be s(-24). Calculate the greatest common factor of u and 1392.
12
Let l = -330 + 626. Let t = 627 - 833. Let i = l + t. What is the greatest common divisor of i and 10?
10
Let u(g) = -g**2 - 2*g + 126. Let h be u(-10). Calculate the highest common factor of h and 529.
23
Suppose -23*r = -0*r - 552. What is the highest common factor of 48 and r?
24
Suppose -50*y + 72 = -38*y. What is the greatest common divisor of y and 4?
2
Suppose -h - 4*n + 304 = -0*n, 0 = 4*n + 20. What is the highest common divisor of h and 18?
18
Let z(b) be the first derivative of b**4/4 - 5*b**3/3 + 3*b**2/2 + 2*b - 4. Let r be z(5). Let d = 22 - r. What is the greatest common divisor of 5 and d?
5
Let m(y) = -y**3 - 2 - 5*y**2 + 10 + 30*y - 25*y. Let f be m(-6). What is the greatest common factor of 70 and f?
14
Let g(j) = -3*j - 1 + 13*j - 5 - 6*j. Let m(k) = 7*k - 11. Let x(d) = -10*g(d) + 6*m(d). Let f be x(9). What is the greatest common divisor of f and 96?
12
Let j = 4 + -2. Suppose 0 = -8*s + 146 - 66. Calculate the highest common divisor of s and j.
2
Suppose -12 = -6*h - 0. Suppose -2*x + 5*v = -7, v - 24 - 13 = -h*x. Calculate the highest common divisor of x and 24.
8
Let n(l) = l**3 - 6*l**2 + 6*l - 8. Let m be n(5). Let s = 8 - m. What is the highest common divisor of 77 and s?
11
Suppose -j - 4*z + 10 - 11 = 0, 4*j - 7 = -5*z. Suppose 2*l + 4*d - 54 = 0, 0 = 4*l + d - 2*d - 81. Calculate the greatest common divisor of j and l.
3
Suppose -20 = -8*m + 3*m. Suppose k + 6 = m*k. Suppose -6*u + 44 = -k*u - 2*c, -2 = -2*u - 4*c. What is the greatest common divisor of u and 63?
9
Let c be 3 + (-3 + 2)*22. Let b = c + 61. What is the highest common divisor of 14 and b?
14
Let d(o) = -o**3 + 9*o**2 - 6*o - 10. Let a be d(8). Suppose -v - a*v + 77 = 0. What is the highest common divisor of 33 and v?
11
Let y be -1 + (-86)/(-30) + 2/15. Calculate the greatest common factor of y and 1.
1
Let r(k) = 2*k**3 - k**2 - 3*k + 1. Let n be r(2). Suppose 6*h = n*h - 4. Calculate the greatest common factor of 8 and h.
4
Let x(p) = -p**2 + 4*p + 58. Let l be x(-5). Calculate the greatest common factor of l and 611.
13
Suppose u + 623 = 4*y - 4*u, -292 = -2*y - 4*u. Let m = -38 - -57. Calculate the greatest common factor of y and m.
19
Let b(k) be the third derivative of -k**4/6 - 29*k**3/6 + 3*k**2. Let q be b(-11). Calculate the highest common divisor of 105 and q.
15
Let w(n) = -n**3 + 17*n**2 - 5*n + 17. Let r be w(5). What is the greatest common factor of 219 and r?
73
Suppose -118*l + 128*l - 2850 = 0. What is the greatest common factor of 225 and l?
15
Suppose 3*p + 0*p + 3*g + 42 = 0, -5*g + 10 = 0. Let q be (-110)/(-8) - (-12)/p. Calculate the greatest common divisor of q and 52.
13
Suppose 20*y - 3644 = 36. What is the highest common divisor of 23 and y?
23
Suppose -59 = -6*h + 13. Calculate the greatest common factor of h and 228.
12
Suppose 2*h - 738 = 6*h - 3*r, 2*h + 2*r = -362. Let v = 295 + h. Calculate the highest common divisor of 16 and v.
16
Let o = 237 - 75. Suppose -52 = -3*m + 2*d, 9*d - 4*d = 3*m - 49. Calculate the highest common factor of o and m.
18
Let w be 2 - 5 - (2 - 39). Let k(c) = -c**3 + 6*c**2 - 3*c + 7. Let p be k(5). Let r = p + 34. Calculate the highest common divisor of r and w.
17
Let a = -2 - -18. Suppose 2*p - a = 44. What is the greatest common factor of 20 and p?
10
Suppose -318 = -7*x + 3*x + 2*a, -5*a = 4*x - 297. What is the highest common factor of 26 and x?
26
Suppose -238 = -5*s + 3*g, 0 = s - 0*g + 5*g - 70. Calculate the greatest common factor of 75 and s.
25
Let s = 6501 - 6494. Suppose 0 = -5*v + b + 661, 3*v = -b + 32 + 363. Suppose 3*y = 3*i + 69, 4*y + i = -3*i + v. What is the greatest common factor of s and y?
7
Let n(q) = -5*q**3 - 2 + 16*q**3 - 6*q**3 - 4*q**3 + q. Suppose 14 = 3*z - f, 4*f = -3 - 5. Let y be n(z). Calculate the highest common factor of 6 and y.
6
Let t = -44 + 52. Suppose -606 = -t*m - 78. Suppose 5*z - 7 - 3 = 5*v, 4*z = 3*v + 12. Calculate the greatest common factor of m and z.
6
Suppose 0 = -3*u + 2*p + 40, 2*u + 0*p = 5*p + 45. What is the greatest common divisor of u and 5?
5
Let z = 209 - -11. What is the greatest common factor of 44 and z?
44
Suppose 3*j - 165 = 3*t, 4*j - t = 2*j + 115. Suppose j*g - 56*g = 40. What is the highest common factor of g and 70?
10
Suppose 2*w - 13 = 19. Suppose d + w = 5*d. Suppose d*t + 89 = 593. Calculate the greatest common divisor of t and 14.
14
Let c = 13 + -6. Suppose -58*n + 53*n = 50. Let j be 46/7 + (-1 - n/7). What is the greatest common factor of c and j?
7
Let t = 29 + 115. Let d be 1/2*(-308)/(-14). Suppose -z + 13 = l, 5*z + 2*l = 63 + d. Calculate the highest common factor of t and z.
16
Suppose -3*l + 3*q + 41 = -49, -l + 54 = 5*q. Calculate the highest common factor of l and 14.
2
Let y be ((-31)/(-2))/((-452)/(-64) + -7). What is the highest common divisor of y and 8?
8
Let n(a) = -a**3 + 7*a**2 - 14. Let l be n(7). Let y be (22/(-4))/(7/l). Calculate the greatest common divisor of 44 and y.
11
Let u = 197 - 174. What is the greatest common divisor of 3 and u?
1
Suppose -2892 = -3*u - 3*w, 2*w - 3986 = -5*u + 825. Calculate the highest common factor of 31 and u.
31
Let f = -50 + 52. Suppose -2*d - z = -0*d - 34, -f*d = 3*z - 38. What is the highest common factor of 176 and d?
16
Let o be 3/4 + (65151/36)/19. What is the greatest common divisor of o and 736?
32
Let p be (-30)/(-25)*3*5/6. Suppose -2*g + 23 = -25. What is the highest common divisor of g and p?
3
Let y = 2107 + -1677. What is the highest common divisor of 40 and y?
10
Let w(p) = -p**2 - 9*p + 5. Let h be w(-9). Let c = h - 2. Suppose 0*j - 4*j + 56 = -g, c*j - 65 = -5*g. Calculate the greatest common divisor of j and 15.
15
Let o(d) = -d**2 + 5*d + 15. Let a be o(7). Calculate the greatest common divisor of a and 10